+ g, -3*n + 1174 + 2498 = 3*m. Suppose c + 2*c - n = 0. Is c a prime number?
False
Suppose -s + 100 = 3*u, 4*s - 3*u + u - 372 = 0. Is s a prime number?
False
Let j(s) = -s**3 + 3*s**2 + 4*s - 9. Let m be j(3). Suppose -4*i + w = -2522, -m*w - 2*w + 2534 = 4*i. Is i composite?
False
Is (-5 - 6401)/(12/(-6)) a prime number?
True
Suppose 130 = -3*i + 352. Let f = i - -13. Is f a composite number?
True
Let j(q) = 185*q - 16. Let v(g) = -186*g + 15. Let o(h) = 5*j(h) + 6*v(h). Suppose -2 = 6*m + 16. Is o(m) a prime number?
False
Suppose -6*k = 5*k - 44. Suppose k*q - 6391 = -7*q. Is q composite?
True
Let n = -12598 + 24969. Is n composite?
True
Suppose 4*p - 251102 = -5*n, -p = p - 2*n - 125542. Is p prime?
True
Let s(i) = -i**3 + i + 1. Let u(x) = 38*x**3 + 2*x**2 - 4*x - 4. Let a(y) = -5*s(y) - u(y). Is a(-2) prime?
True
Suppose 5*m = -5*q + 69080, 14*m - 5*q - 69050 = 9*m. Is m a prime number?
False
Suppose 16*u - 9852 = 13*u. Let v = -2326 + u. Is v a composite number?
True
Suppose 5*h = -5*q + 776 + 1044, h = -2*q + 731. Let k be 238 + -2 + (10 - 6). Let d = q - k. Is d a prime number?
True
Let z = 29 + -33. Is ((-317)/5)/(z/20) composite?
False
Let r = 10517 + 3446. Is r composite?
False
Let l = 7468 + -495. Is l composite?
True
Suppose -2*w = -3*u + 52, u - 8 - 14 = 3*w. Suppose 0 = -5*m + u + 24. Is (m/(-32))/(1/(-2708)) a prime number?
True
Suppose 0 = -n + 19 + 155. Let c = n + -87. Is c composite?
True
Let y(u) = u**2 + 6*u + 7. Let n be y(-6). Suppose -n*o + 191 = -6*o. Is o a composite number?
False
Suppose 25*g = 22*g + 27. Is -1 + 555 - (g/(-3) - -4) a prime number?
False
Let y be (4/(-6))/(48/(-9) - -5). Suppose y*j - 390 = -4*x, 3*j = 2*x + 396 + 213. Is j composite?
True
Suppose 123*s + 120 = 120*s. Is 9153/15 + s/(-50) composite?
True
Suppose -z = 4*z. Suppose -2*j - 4*l + 18 + 2 = 0, -j = -5*l + 25. Is 0 + 557 + j - z a composite number?
False
Suppose 5 = k + 3. Suppose -2*y + 7*y = 3*h + 11, h + 5 = 2*y. Suppose -k*v + 7*v = 4*q - 235, h*v - 156 = -3*q. Is q prime?
False
Let g(b) = -b**3 + 6*b**2 + 9*b - 1. Let z(k) = k**3 - 8*k**2 + 6*k + 9. Let o be z(7). Let q be (-141)/(-21) + o/7. Is g(q) a prime number?
True
Let d = -5471 + 9798. Is d a composite number?
False
Let y(j) = -584*j - 37. Let m be y(16). Let q = m - -17900. Is q a composite number?
True
Suppose 3*n + 3*n = 77442. Suppose -4*a - y + 0*y = -n, 4 = -4*y. Is a composite?
True
Suppose -3*o - l = o + 1997, 494 = -o + 5*l. Let u = o - -698. Is u a prime number?
True
Let a(d) = 49805*d**2 + 2. Is a(1) a composite number?
False
Let w(a) = 46*a - 53. Is w(6) prime?
True
Let l be (-2)/(-4) + (-2)/4. Is (-2)/4*-318 + l prime?
False
Let c(b) = -5*b - 11. Let r(s) = s. Let a(y) = -c(y) - 3*r(y). Let w be ((-2)/4)/(-1)*10. Is a(w) a prime number?
False
Let l(i) = 34*i**2 + 65*i + 4. Is l(-14) prime?
False
Suppose -3*o - 10 = 2*o. Let f(y) = y**2 - y - 2. Let k be f(o). Suppose -k*p + 538 = -226. Is p a composite number?
False
Let x(a) be the third derivative of 1123*a**5/30 - a**4/12 + a**3/6 - 9*a**2. Is x(1) a prime number?
False
Let y(j) = 44*j**2 + 7*j + 27. Let w be y(-15). Suppose 4*h = -q + 9821, 4*h + 2*q - w = -0*q. Is h a prime number?
False
Suppose 0 = -3*g - 9 - 15. Let i be -32*(-4 + (-98)/g). Let v = 598 + i. Is v a composite number?
True
Let m be 22/5 + 2/(-5) + 164. Let d = m + 55. Is d composite?
False
Let o be (-3 + (-3)/1)*(-14)/(-4). Suppose 12 = 6*k - 4*k. Is (106/k)/((-1)/o) a composite number?
True
Let x be 26/(-117) - 5926/(-18). Is (x - -2)/(2 - 1) composite?
False
Suppose 4*l = 2*l + 1692. Let i = l + -215. Is i composite?
False
Suppose -5*v = -245 + 40. Suppose -j = -2*j + v. Suppose -j = -2*i + o, 0 = i - 4*o - o + 2. Is i a composite number?
False
Let j(k) = -18*k + 7. Let l(q) = -3*q - 2*q**2 - 5*q + 4*q**2 - q**2. Let y be l(7). Is j(y) a composite number?
True
Suppose -2*c + 5*t = t - 3810, 0 = c + t - 1893. Suppose -3*v + 5*k + 620 + 1293 = 0, 3*v = k + c. Is v composite?
False
Let x(c) = 112*c**2 - 15*c + 59. Let m be x(7). Suppose -45*p + m = -39*p. Is p a prime number?
True
Let j(a) = 156*a - 325. Is j(24) a prime number?
False
Let k(f) = -f + 19. Let j be k(17). Let d be j/4 + (-25)/10. Let h(s) = 64*s**2 - s + 1. Is h(d) a composite number?
True
Let d(r) = -176*r + 33. Is d(-10) composite?
True
Let z = 31 + -25. Suppose 4*v + h = z*h + 1296, -h = 3*v - 953. Is v composite?
True
Suppose 0 = -4*y + 3*p + 2059, -2*y - 3*p = p - 1002. Let x = y - -238. Is x composite?
True
Suppose f + 2*f = 0. Suppose f = 6*j + 534 + 414. Let x = j - -565. Is x prime?
False
Suppose x + 11 = 5*m, -3*m + 4*x + 3 + 7 = 0. Suppose 0*w - 5*w + 29 = 2*k, 0 = 4*w - m*k - 16. Suppose -4*d + w*d - 347 = 0. Is d a composite number?
False
Suppose -3*u + 1 - 18 = -4*m, -28 = -3*u - 5*m. Is 0 - (0 + u + -743 + -3) composite?
True
Let r(p) = 178*p**2 + 11*p + 9. Is r(-4) a prime number?
False
Suppose -23*q + 316718 = 51183. Is q a prime number?
False
Let u = 11 + -2. Suppose -435 = -3*c - u. Is c prime?
False
Let w be 38/57 - 127/(-3). Let m = w - 66. Let l = m - -46. Is l prime?
True
Let s be (-2694)/(-2) + -4*1. Suppose s + 173 = 4*l. Is l prime?
True
Is (-13)/(52/16) - -5 - -24238 a prime number?
True
Let p(k) = -k**2 - 7*k + 9. Let c be p(7). Let f be 507/1 - (0 - 1). Let z = f + c. Is z a prime number?
True
Suppose 0*i + 35958 = 3*i + 3*o, -3*i = -2*o - 35933. Is i composite?
False
Let t(j) = 880*j**2 - 39*j - 2. Is t(-7) prime?
True
Let l be (13*-3)/(3/(-2)). Let d = 145 - l. Suppose -2*f + d = -f. Is f prime?
False
Suppose -o + 79090 = 9*o. Is o a composite number?
True
Suppose 2*j = 374 + 72. Is j a composite number?
False
Let n(y) = 1014*y**3 - 4*y**2 + 7*y - 9. Is n(2) a prime number?
True
Let z = 2566 + 4613. Is z a composite number?
True
Suppose 53 = z - 3*f + 12, -2*f = 2*z - 90. Suppose -z = 6*c - 2*c. Let g = c + 14. Is g prime?
True
Let m(x) = -13*x**3 + 12*x**2 + 13*x + 2. Let y be m(-9). Suppose 5*k - 741 = y. Is k composite?
True
Let s = -59 + 59. Suppose 9*b - 1240 - 479 = s. Is b a composite number?
False
Is 31126/1 + (-24)/((-240)/70) a prime number?
False
Let g(m) be the third derivative of m**4/24 + 3*m**3/2 + 6*m**2. Let s be g(-9). Suppose s = 4*f - 6*f + 238. Is f a prime number?
False
Let g = -2447 - -2560. Is g a prime number?
True
Suppose 0 = 3*r - h - 15, 0*r - 5*h = 5*r - 25. Is 1/(-2)*r/((-15)/6666) a composite number?
True
Suppose -24*c = -62*c + 316882. Is c composite?
True
Let t be 1 + 464*(-4)/4. Let j be (t/(-2))/((-7)/(-14)). Suppose 81 + 5 = i + 3*q, -5*i - 4*q + j = 0. Is i a composite number?
True
Suppose -4*x + 5*x = 87. Let n = 240 + x. Is n prime?
False
Let m be 18/4*(-12)/(-27). Suppose -m*q - 10 = 3*q. Is (-1 - -4) + (q - -160) a composite number?
True
Let l(z) be the first derivative of -z**4/4 + 16*z**3/3 - 29*z**2/2 - 3*z - 3. Is l(13) a composite number?
False
Let y be (60/24)/(2/1324). Suppose 22*q = 17*q + y. Is q composite?
False
Let t = -55 - -54. Let u(y) = -y - 22*y**3 - 72*y**3 - 1 + y**3 + y**2. Is u(t) a prime number?
False
Let s = 12 - 13. Is 1477 + 2 + (-3 - s) composite?
True
Let d = 28668 + 6077. Is d composite?
True
Let c = 46720 + 3115. Is c a prime number?
False
Suppose -j = -3*j + 22. Let q(m) = m**2 - 8*m - 10. Is q(j) prime?
True
Let h(a) be the second derivative of 8*a**3/3 + a**2/2 + 18*a. Is h(10) a composite number?
True
Suppose 3*b = b + 40. Let o = -11 + b. Is 1585/10 - o/6 a composite number?
False
Suppose v + 29 = 119. Suppose 7*l + v = 4*l. Is 5/(-2)*468/l a composite number?
True
Suppose 2*d - 13 = -5. Let z(w) = 8*w**3 - 2*w**2 + 2*w + 4. Let o be z(d). Let q = o - 347. Is q a prime number?
False
Let q be 42/8 + 3/(-12). Suppose l = -q + 8. Suppose p - i - 264 = -0*i, 0 = -l*p + 2*i + 793. Is p a prime number?
False
Let h(c) = -c**3 - c - 1. Let w(q) = 3*q**3 + 8*q**2 + 2*q + 12. Let k(x) = 2*h(x) + w(x). Is k(-7) composite?
False
Let j(b) = 6*b**3 + b + 1. Let f(v) = 2*v - 1. Let m be f(0). Let d be j(m). Is (d/5)/(2/(-265)) a prime number?
False
Suppose -4*l + 9*l - 15 = 0. Suppose -l*i = i - 2552. Suppose 5*h - 27 = i. Is h composite?
True
Suppose -7*l - 2991 = -50500. Is l composite?
True
Let l be 3/(-6) + (-14)/4. Let v be ((-32)/20)/(l/170). Suppose 3*y - f - 30 - v = 0, 100 = 3*y